, 13, 43, 79, 3881
List the prime factors of 6525884.
2, 1631471
List the prime factors of 15859494.
2, 3, 7, 191, 659
What are the prime factors of 292431453?
3, 23, 1553, 2729
What are the prime factors of 954828271?
461, 487, 4253
What are the prime factors of 4643273291?
17, 269, 1015367
What are the prime factors of 296119924?
2, 74029981
What are the prime factors of 316499661?
3, 35166629
What are the prime factors of 44928898?
2, 7, 47, 68281
What are the prime factors of 123494254?
2, 13, 4749779
What are the prime factors of 378178053?
3, 11, 11459941
List the prime factors of 2343519783.
3, 11, 29, 90697
List the prime factors of 659788572.
2, 3, 54982381
List the prime factors of 598127076.
2, 3, 43, 47, 8221
What are the prime factors of 4077638?
2, 2038819
List the prime factors of 1030008788.
2, 257502197
List the prime factors of 45492877.
45492877
What are the prime factors of 3269645?
5, 653929
List the prime factors of 2691035948.
2, 47, 14314021
What are the prime factors of 5969981271?
3, 31, 3191, 20117
List the prime factors of 53284071.
3, 31, 233, 2459
List the prime factors of 92081843.
7, 17, 317, 2441
List the prime factors of 1808436099.
3, 602812033
What are the prime factors of 31531354?
2, 15765677
What are the prime factors of 243678681?
3, 27075409
What are the prime factors of 3395151746?
2, 7, 37, 673, 9739
List the prime factors of 203035011.
3, 67678337
List the prime factors of 2415206180.
2, 5, 1933, 62473
List the prime factors of 43898325.
3, 5, 31, 79, 239
What are the prime factors of 1854738?
2, 3, 107
List the prime factors of 190990208.
2, 1492111
List the prime factors of 1070968443.
3, 10613, 33637
List the prime factors of 3098051498.
2, 19, 29, 2811299
What are the prime factors of 2891998832?
2, 7607, 23761
List the prime factors of 1815963510.
2, 3, 5, 60532117
What are the prime factors of 3439211900?
2, 5, 34392119
List the prime factors of 2621226587.
7, 4261, 87881
What are the prime factors of 230869647?
3, 41, 625663
List the prime factors of 1410576733.
29, 48640577
List the prime factors of 107794208.
2, 3368569
What are the prime factors of 24728560?
2, 5, 309107
What are the prime factors of 338376017?
7, 986519
What are the prime factors of 4644425661?
3, 29, 59, 131, 6907
List the prime factors of 18012302.
2, 7, 11, 31
What are the prime factors of 53264751?
3, 17754917
What are the prime factors of 44006316?
2, 3, 193, 19001
What are the prime factors of 9255365?
5, 7, 37, 1021
What are the prime factors of 31239741?
3, 13, 801019
List the prime factors of 3659465536.
2, 853, 67033
What are the prime factors of 6467632771?
53, 122030807
List the prime factors of 1929135619.
5167, 373357
What are the prime factors of 2056387?
521, 3947
List the prime factors of 107545721.
107545721
List the prime factors of 560775860.
2, 5, 41, 683873
What are the prime factors of 626719474?
2, 67, 4677011
What are the prime factors of 141673736?
2, 17709217
List the prime factors of 3098837923.
1163, 2664521
What are the prime factors of 691047604?
2, 13, 23, 577799
List the prime factors of 901909967.
7, 128844281
What are the prime factors of 754723667?
754723667
List the prime factors of 2511430.
2, 5, 251143
List the prime factors of 52298976.
2, 3, 544781
List the prime factors of 242162553.
3, 701, 115151
List the prime factors of 148115744.
2, 7, 661231
List the prime factors of 5321045099.
157, 829, 40883
List the prime factors of 116864663.
59, 1980757
List the prime factors of 1472499340.
2, 5, 13, 5663459
List the prime factors of 2512265695.
5, 17, 29556067
What are the prime factors of 3626181870?
2, 3, 5, 269, 641, 701
What are the prime factors of 1306715184?
2, 3, 73, 197, 631
What are the prime factors of 28034270?
2, 5, 11, 254857
List the prime factors of 20658722.
2, 7, 563, 2621
What are the prime factors of 68709322?
2, 11, 3123151
List the prime factors of 879801470.
2, 5, 71, 587, 2111
What are the prime factors of 142323970?
2, 5, 569, 25013
List the prime factors of 286113529.
13, 43, 511831
What are the prime factors of 18469254?
2, 3, 19, 162011
List the prime factors of 1490598567.
3, 165622063
What are the prime factors of 1587346517?
1587346517
What are the prime factors of 1739097866?
2, 11, 1597, 49499
List the prime factors of 941128363.
7, 134446909
What are the prime factors of 48140201?
71, 379, 1789
List the prime factors of 241677997.
11, 23, 421, 2269
What are the prime factors of 28534424?
2, 1307, 2729
List the prime factors of 5888913453.
3, 71, 9215827
What are the prime factors of 200743670?
2, 5, 20074367
What are the prime factors of 1178118885?
3, 5, 31, 1399, 1811
List the prime factors of 7654535.
5, 7, 157, 199
What are the prime factors of 1248943832?
2, 156117979
List the prime factors of 5510887948.
2, 1377721987
What are the prime factors of 2420861025?
3, 5, 11, 211, 13907
List the prime factors of 1912525.
5, 113, 677
What are the prime factors of 181634756?
2, 19, 41, 71, 821
What are the prime factors of 1012476172?
2, 53, 257, 18583
What are the prime factors of 521189009?
11, 17, 2787107
What are the prime factors of 13452022?
2, 233, 28867
List the prime factors of 12435527.
13, 73583
List the prime factors of 169331649.
3, 1663, 33941
What are the prime factors of 1963762383?
3, 11, 37, 1608323
List the prime factors of 1994066823.
3, 7, 94955563
What are the prime factors of 4405227574?
2, 11, 1867, 107251
What are the prime factors of 1210422032?
2, 17, 31, 143551
What are the prime factors of 20541934?
2, 7, 1467281
What are the prime factors of 519768326?
2, 7, 11, 306829
What are the prime factors of 352481104?
2, 59, 67, 5573
What are the prime factors of 1055847484?
2, 12959, 20369
What are the prime factors of 47730488?
2, 13, 458947
List the prime factors of 350672250.
2, 3, 5, 499, 937
List the prime factors of 129607366.
2, 7, 53, 174673
List the prime factors of 678396728.
2, 103, 139, 5923
List the prime factors of 31277624.
2, 7, 558529
What are the prime factors of 17237691?
3, 70937
What are the prime factors of 2338689999?
3, 4021, 193873
What are the prime factors of 50661150?
2, 3, 5, 337741
What are the prime factors of 285312750?
2, 3, 5, 380417
List the prime factors of 250982843.
11057, 22699
List the prime factors of 17472328.
2, 17, 128473
What are the prime factors of 360798518?
2, 180399259
What are the prime factors of 524763965?
5, 11, 9541163
What are the prime factors of 463335584?
2, 14479237
List the prime factors of 206354820.
2, 3, 5, 7, 19, 1361
List the prime factors of 11459837.
11459837
What are the prime factors of 5076977416?
2, 7, 1051, 12323
List the prime factors of 2700351034.
2, 1350175517
What are the prime factors of 129154520?
2, 5, 11, 73, 4021
List the prime factors of 270095716.
2, 11, 19, 23, 1277
What are the prime factors of 260292914?
2, 7, 18592351
List the prime factors of 50758038.
2, 3, 397, 7103
List the prime factors of 184481838.
2, 3, 10248991
List the prime factors of 156639271.
156639271
What are the prime factors of 78993710?
2, 5, 7899371
What are the prime factors of 1991213142?
2, 3, 31, 151, 2287
What are the prime factors of 7774751771?
7774751771
What are the prime factors of 714245285?
5, 13, 227, 48407
List the prime factors of 72010208.
2, 43, 59, 887
List the prime factors of 1600361799.
3, 67, 7961999
List the prime factors of 982263858.
2, 3, 163710643
What are the prime factors of 247979792?
2, 19, 53, 15391
What are the prime factors of 287391916?
2, 7, 677, 15161
List the prime factors of 269955029.
41, 6584269
What are the prime factors of 315979518?
2, 3, 4583, 11491
List the prime factors of 69638701.
11, 757, 8363
List the prime factors of 3874037863.
3874037863
List the prime factors of 63321429.
3, 179, 117917
What are the prime factors of 25640900?
2, 5, 43, 67, 89
What are the prime factors of 65057649?
3, 601, 36083
List the prime factors of 6250382676.
2, 3, 173621741
What are the prime factors of 2604502853?
37, 89, 607, 1303
List the prime factors of 1125124640.
2, 5, 7032029
What are the prime factors of 790731558?
2, 3, 43, 113513
What are the prime factors of 1345789568?
2, 53, 198377
List the prime factors of 29466860.
2, 5, 147334